t is 10110110 - -1001000010110?
1001011001100
In base 6, what is 12311455 + -413?
12311042
In base 6, what is 205011010 + -4?
205011002
In base 6, what is 2325412241 + -21?
2325412220
In base 15, what is 204d82 - -96?
204e28
In base 7, what is 60366 + 153?
60552
In base 2, what is 1001110 - -101000110001011001?
101000110010100111
In base 15, what is 4 - 1d4bc1?
-1d4bbc
In base 16, what is -64 - -8d66f?
8d60b
In base 4, what is -11013 + -1010200200?
-1010211213
In base 5, what is 3100 + 43224022?
43232122
In base 7, what is -5236 + 10515?
2246
In base 4, what is -12013322 + -3?
-12013331
In base 8, what is -7 - -41607432?
41607423
In base 4, what is -1002 + 131302020?
131301012
In base 10, what is -2433891 + 5?
-2433886
In base 8, what is -113 + -6717674?
-6720007
In base 3, what is -2 - 21222210012111?
-21222210012120
In base 11, what is -16a5059 - 49?
-16a50a7
In base 2, what is 1000010110011111011 - 11011110100?
1000010011000000111
In base 15, what is -11a423 + -d?
-11a431
In base 10, what is 16275408 - 1?
16275407
In base 3, what is -11 + 11012112112120212?
11012112112120201
In base 2, what is -1001101100000 - -1101101010101?
11111110101
In base 11, what is -305 - -2a36a?
2a065
In base 2, what is 101100101011110100000010001 - -1000?
101100101011110100000011001
In base 16, what is -1d66 + 83?
-1ce3
In base 12, what is -5 + -a66360?
-a66365
In base 7, what is 1 - -53442466?
53442500
In base 11, what is 297 - -73765?
73a51
In base 11, what is -95 + -389a6?
-38a90
In base 4, what is 12 - -100320002000?
100320002012
In base 8, what is -443 - -121674?
121231
In base 8, what is -26442754 - -4?
-26442750
In base 7, what is 1503 + 45335?
50141
In base 4, what is -132003 + 11011312?
10213303
In base 15, what is 127 + -1b685?
-1b55d
In base 11, what is 30 - -29520?
29550
In base 8, what is 50305 - -51?
50356
In base 15, what is 3b33 + b63?
4796
In base 2, what is 10 - 1111010011111000100111?
-1111010011111000100101
In base 15, what is -66c71 + -1ab?
-66e2c
In base 11, what is 31770 + 5a7?
32267
In base 5, what is -210033424401 + 12?
-210033424334
In base 10, what is -4 - -312300?
312296
In base 14, what is 1453 + 324?
1777
In base 10, what is -430837 - -61?
-430776
In base 2, what is -1001010110011 - 110010110001100?
-111100000111111
In base 15, what is -8e - 2314d?
-231dc
In base 9, what is -2 + 4273838?
4273836
In base 10, what is -257 - 101545?
-101802
In base 12, what is -6b9ab + 1a?
-6b991
In base 9, what is 5 + -158010001?
-158008885
In base 8, what is 1346634 - 63?
1346551
In base 15, what is -10c - 19401?
-1950d
In base 3, what is 10221111 - -11210101?
22201212
In base 7, what is -2032 - -356140?
354105
In base 7, what is 11 + 23412251?
23412262
In base 9, what is 4154 - -652?
4816
In base 6, what is 131002 + -154545?
-23543
In base 5, what is 4 - -4202034202?
4202034211
In base 5, what is 4110414 - 42412?
4013002
In base 8, what is 10777 - 1134?
7643
In base 7, what is 31204322 + -15?
31204304
In base 12, what is 8a76 - 203?
8873
In base 15, what is 41d + 358?
776
In base 10, what is 5 + 504185?
504190
In base 4, what is 22010100 - -330113?
23000213
In base 15, what is 9b7 + 1ad1?
2598
In base 3, what is -200121222220 - -202122?
-200121020021
In base 16, what is -2dcf + -1c9c?
-4a6b
In base 5, what is -110012 + -13010?
-123022
In base 5, what is -204312 + -203342?
-413204
In base 4, what is 0 + 320200110202?
320200110202
In base 9, what is -543724262 + 1?
-543724261
In base 3, what is -1020 + -1212222212102?
-1212222220122
In base 2, what is -111001011110101100 - -11000?
-111001011110010100
In base 10, what is -487299 - -2?
-487297
In base 15, what is 2d + 6008e?
600bc
In base 4, what is -20130 + 220332221?
220312031
In base 10, what is 41399 + -412?
40987
In base 13, what is -74 - -8ab2?
8a3b
In base 14, what is -aab7 + 1c8?
-a8cd
In base 4, what is 11322 - -20313?
32301
In base 5, what is -10 - -1011011113?
1011011103
In base 9, what is -548 + -2511?
-3160
In base 16, what is -2 - -3984291?
398428f
In base 9, what is 1 - 248448016?
-248448015
In base 13, what is 5b6 + 37b0b?
383c4
In base 11, what is 12 - -7939107?
7939119
In base 8, what is 3 - -60307116?
60307121
In base 16, what is -79c - -4cae?
4512
In base 4, what is 2103102032 - 321?
2103101111
In base 15, what is 257 - -2428?
2680
In base 16, what is 46078ef - 0?
46078ef
In base 4, what is 3 - 20133233110?
-20133233101
In base 6, what is 253522004 + -5?
253521555
In base 3, what is -10120202102222 + -102?
-10120202110101
In base 16, what is c74d7 + -66f?
c6e68
In base 6, what is 5540 + 43032?
53012
In base 15, what is -54 - -1402e0?
14028b
In base 5, what is 12 - -23324230402?
23324230414
In base 5, what is -33 - -41413110203?
41413110120
In base 14, what is -3a1 + 1424c?
13c8b
In base 12, what is -1b0336018 + 0?
-1b0336018
In base 14, what is 15 - -2839?
2850
In base 11, what is 39a110 - -21?
39a131
In base 10, what is 7470540 - -5?
7470545
In base 10, what is -958 + 756604?
755646
In base 8, what is -415 - 2515717?
-2516334
In base 2, what is 1111000101001 - 1101101000110?
1011100011
In base 14, what is -2 - 8474a3?
-8474a5
In base 16, what is 6f - -c2f?
c9e
In base 9, what is -12045 + 635?
-11310
In base 11, what is 697 + 10647?
11233
In base 11, what is -21 + 19a765?
19a744
In base 6, what is -3 - 31141433143?
-31141433150
In base 3, what is 11 - -2021221011220?
2021221012001
In base 13, what is -2c + -5900b2?
-590111
In base 6, what is -1040 + -1031325?
-1032405
In base 16, what is 5e4 - 1bf6?
-1612
In base 5, what is -11030 + 23433?
12403
In base 10, what is 3 - -1573919?
1573922
In base 8, what is 520623 + 1501?
522324
In base 13, what is -5 + -132a3311?
-132a3316
In base 5, what is -2022041414 + -4?
-2022041423
In base 16, what is 1c859c26 - 2?
1c859c24
In base 3, what is -102002 - -120020001?
112210222
In base 5, what is -2232 - -2214411?
2212124
In base 14, what is 13b - ad82b?
-ad6d0
In base 3, what is 111211 - 1200121111?
-1200002200
In base 14, what is 200a06 + 40?
200a46
In base 15, what is a370a2 + -e?
a37093
In base 12, what is 6977 + 273b?
94b6
In base 7, what is 200202425 - 5?
200202420
In base 2, what is 10000000 - -11111110010100010010?
11111110010110010010
In base 3, what is -21 + 122200211212?
122200211121
In base 14, what is 28 + 80b88?
80bb2
In base 12, what is 53a12a3a - -5?
53a12a43
In base 4, what is 113 + -13221022230?
-13221022111
In base 2, what is -1101001010110000 + 1101000111111?
-1011100001110001
In base 11, what is 5 + -2655267?
-2655262
In base 6, what is -154340 + 314545?
120205
In base 16, what is -2a814a + 5?
-2a8145
In base 12, what is -48a + 98361?
97a93
In base 13, what is 159c3 + -12?
159b1
In base 2, what is -1001111101010101 - -101100010?
-1001110111110011
In base 5, what is 413142230430 - 10?
413142230420
In base 11, what is -39 + 9a219?
9a190
In base 6, what is 22 - -22122230?
22122252
In base 14, what is -13d7 - -c6a?
-56b
In base 6, what is -2 - 10121052?
-10121054
In base 8, what is -30 - 7516215?
-7516245
In base 3, what is -111222200 - -20020?
-111202110
In base 3, what is -1 - -110101202200120?
110101202200112
In base 6, what is -104242421 + 3?
-104242414
In base 13, what is -117225 - -c6?
-11712c
In base 12, what is 4 - -10a232a?
10a2332
In base 2, what is 100001110110011100 - 110011100100?
100001000010111000
In base 5, what is -12 + 4330043241?
4330043224
In base 7, what is -162322663 - 2?
-162322665
In base 8, what is -112732532 - 22?
-112732554
In base 16, what is -6fb04 - 5?
-6fb09
In base 4, what is 101120102333332 - -2?
101120103000000
In base 3, what is 2220111 - 212210?
2000201
In base 10, what is 12669 - 839?
11830
In base 9, what is 3655 + -5001?
-1235
In base 13, what is -404 + 3957?
3553
In base 7, what is -4 + -501061016?
-501061023
In base 13, what is -6b46 + -30c?
-7155
In base 5, what is 231 + 201102431?
201103212
In base 13, what is -a8c879 - -1a?
-a8c85c
In base 3, what is -2120111 + 12221121?
10101010
In base 3, what is 1001012121200 - 11100?
1001012110100
In base 11, what is 32809a + -26?
328074
In base 16, what is -2 + 1bc2d2?
1bc2d0
In base 10, what is -496 - -12951?
12455
In base 3, what is 102110022202011 + 12?
102110022202100
In base 10, what is 5 - 62684402?
-62684397
In base 11, what is 39914 - 2909